{"id":460,"date":"2024-05-30T20:34:19","date_gmt":"2024-05-30T23:34:19","guid":{"rendered":"https:\/\/origenproducts.shop\/?post_type=product&#038;p=460"},"modified":"2026-01-01T19:21:26","modified_gmt":"2026-01-01T22:21:26","slug":"emo-zeolita-fermentada-200-grs","status":"publish","type":"product","link":"https:\/\/origenproducts.shop\/index.php\/product\/emo-zeolita-fermentada-200-grs\/","title":{"rendered":"EMO Zeolita fermentada 200 grs"},"content":{"rendered":"<p><strong>ZEOLITA CLINOPTILOLITA FERMENTADA,<\/strong>\u00a0(de muy alta calidad 50 micras 200gr),\u00a0<strong>\u00fanica en el mundo<\/strong>\u00a0debido a su combinaci\u00f3n de Zeolita m\u00e1s microorganismos que contienen los productos EMO.<\/p>\n<ul>\n<li>Zeolita de alta pureza<\/li>\n<li><span style=\"font-size: 16px;\">Testado con Radi\u00f3nica por el Laboratorio Scheller de Alemania.<\/span><\/li>\n<\/ul>\n<p><strong>Gran Calidad,\u00a0<\/strong>Mineral de origen 100% volc\u00e1nico formado naturalmente a partir de cenizas. Es un polvo volc\u00e1nico puro de muy alta calidad y con caracter\u00edsticas bioqu\u00edmicas \u00fanicas.<\/p>\n","protected":false},"excerpt":{"rendered":"<p><strong>ZEOLITA CLINOPTILOLITA FERMENTADA,<\/strong>\u00a0(de muy alta calidad 50 micras 200gr),\u00a0<strong>\u00fanica en el mundo<\/strong>\u00a0debido a su combinaci\u00f3n de Zeolita m\u00e1s microorganismos que contienen los productos EMO.<\/p>\n","protected":false},"featured_media":462,"comment_status":"open","ping_status":"closed","template":"","meta":{"_monsterinsights_skip_tracking":false,"_monsterinsights_sitenote_active":false,"_monsterinsights_sitenote_note":"","_monsterinsights_sitenote_category":0},"product_brand":[],"product_cat":[29],"product_tag":[],"class_list":{"0":"post-460","1":"product","2":"type-product","3":"status-publish","4":"has-post-thumbnail","6":"product_cat-cuidado-consciente","8":"first","9":"instock","10":"taxable","11":"shipping-taxable","12":"purchasable","13":"product-type-simple"},"_links":{"self":[{"href":"https:\/\/origenproducts.shop\/index.php\/wp-json\/wp\/v2\/product\/460","targetHints":{"allow":["GET"]}}],"collection":[{"href":"https:\/\/origenproducts.shop\/index.php\/wp-json\/wp\/v2\/product"}],"about":[{"href":"https:\/\/origenproducts.shop\/index.php\/wp-json\/wp\/v2\/types\/product"}],"replies":[{"embeddable":true,"href":"https:\/\/origenproducts.shop\/index.php\/wp-json\/wp\/v2\/comments?post=460"}],"wp:featuredmedia":[{"embeddable":true,"href":"https:\/\/origenproducts.shop\/index.php\/wp-json\/wp\/v2\/media\/462"}],"wp:attachment":[{"href":"https:\/\/origenproducts.shop\/index.php\/wp-json\/wp\/v2\/media?parent=460"}],"wp:term":[{"taxonomy":"product_brand","embeddable":true,"href":"https:\/\/origenproducts.shop\/index.php\/wp-json\/wp\/v2\/product_brand?post=460"},{"taxonomy":"product_cat","embeddable":true,"href":"https:\/\/origenproducts.shop\/index.php\/wp-json\/wp\/v2\/product_cat?post=460"},{"taxonomy":"product_tag","embeddable":true,"href":"https:\/\/origenproducts.shop\/index.php\/wp-json\/wp\/v2\/product_tag?post=460"}],"curies":[{"name":"wp","href":"https:\/\/api.w.org\/{rel}","templated":true}]}}