{"id":480,"date":"2024-06-11T19:12:33","date_gmt":"2024-06-11T22:12:33","guid":{"rendered":"https:\/\/origenproducts.shop\/?post_type=product&#038;p=480"},"modified":"2026-01-01T19:19:45","modified_gmt":"2026-01-01T22:19:45","slug":"emo-body-200-gr","status":"publish","type":"product","link":"https:\/\/origenproducts.shop\/index.php\/product\/emo-body-200-gr\/","title":{"rendered":"EMO BODY 200 GR"},"content":{"rendered":"<div class=\"elementor-element elementor-element-7825611c elementor-widget elementor-widget-woocommerce-product-price\" data-id=\"7825611c\" data-element_type=\"widget\" data-widget_type=\"woocommerce-product-price.default\">\n<div class=\"elementor-widget-container\">\n<p class=\"price\"><strong>Complemento alimenticio<\/strong>\u00a0prebi\u00f3tico de fermentaci\u00f3n natural a partir de<strong>\u00a0salvado de arroz <\/strong><\/p>\n<\/div>\n<\/div>\n<div class=\"elementor-element elementor-element-2ab1f80c elementor-widget elementor-widget-woocommerce-product-short-description\" data-id=\"2ab1f80c\" data-element_type=\"widget\" data-widget_type=\"woocommerce-product-short-description.default\">\n<div class=\"elementor-widget-container\">\n<div class=\"woocommerce-product-details__short-description\">\n<p><b>\u00a0EMO BODY EMO BODY FITNESS.\u00a0<\/b><\/p>\n<p><span style=\"font-weight: 400;\">\u00a0SALVADO DE ARROZ FERMENTADO. Alimento prebi\u00f3tico fermentado con\u00a0 probioticos beneficiosos. preparado alimenticio a base de salvado de arroz fermentado<\/span><span style=\"font-weight: 400;\"> .<\/span><\/p>\n<p><span style=\"font-weight: 400;\">\u00a0<\/span><b>Ingredientes:<\/b><span style=\"font-weight: 400;\"> salvado de arroz fermentado<\/span> <span style=\"font-weight: 400;\">con microorganismos probioticos beneficos<\/span><span style=\"font-weight: 400;\"> , L.Cassei-bifidus &#8211; L.Acidophilus &#8211; L.rhamnosus, Bacillus sp,, y extracto de jugo de ca\u00f1a , panela ecol\u00f3gica, sirope de algarroba y consumidos durante la fermentaci\u00f3n y transformados en \u00e1cido l\u00e1ctico y enzimas beneficiosas.<\/span><\/p>\n<p><span style=\"font-weight: 400;\">\u00a0<\/span><b>Ingredientespor racion:<\/b><span style=\"font-weight: 400;\"> salvado de arroz fermentado<\/span> <span style=\"font-weight: 400;\">con microorganismos probioticos beneficos<\/span><span style=\"font-weight: 400;\"> 85%, L.Cassei-bifidus &#8211; L.Acidophilus &#8211; L.rhamnosus, Bacillus sp, extracto de jugo de ca\u00f1a 5%, panela\u00a0 5%, sirope de algarroba5%\u00a0<\/span><\/p>\n<p>&nbsp;<\/p>\n<p><b>Modo de Empleo<\/b><\/p>\n<p><span style=\"font-weight: 400;\">Sirvase a su\u00a0 gusto en una taza y a\u00f1ade un poco de leche, agua o cualquier leche vegetal remueve con energ\u00eda y termina de llenar la taza tendr\u00e1s listo para tomar t\u00fa sabroso emofitness.Ideal para postres ,tartas y dulces,masas madre y tostadas con margarina +Emo fitness<\/span><\/p>\n<p><b>SUGERENCIA DE TOMA<\/b><span style=\"font-weight: 400;\">=7gr<\/span><\/p>\n<p><b>CONTIENE <\/b><span style=\"font-weight: 400;\">=28 porciones de 7 gr<\/span><\/p>\n<p><b>Conservaci\u00f3n<\/b><\/p>\n<p><span style=\"font-weight: 400;\">\u00a0mantener en lugar fresco y seco<\/span><\/p>\n<p>&nbsp;<\/p>\n<p><b>Lote:<\/b><\/p>\n<p><b>consumir preferentemente antes del:<\/b><\/p>\n<p><span style=\"font-weight: 400;\">INGESTA DE REFERENCIADE UN ADULTO MEDIO 8400 KJ\/2000 Kcal<\/span><\/p>\n<\/div>\n<\/div>\n<\/div>\n","protected":false},"excerpt":{"rendered":"<p><strong>Complemento alimenticio<\/strong>\u00a0prebi\u00f3tico de fermentaci\u00f3n natural a partir de<strong>\u00a0salvado de arroz fermentado<\/strong>\u00a0por microorganismos beneficiosos, hierbas, antioxidantes y minerales. Aporta\u00a0<strong>microorganismos ben\u00e9ficos<\/strong>\u00a0para repoblar la<strong>\u00a0flora intestinal<\/strong>\u00a0y fortalecer el<strong>\u00a0sistema inmune.<\/strong><\/p>\n","protected":false},"featured_media":481,"comment_status":"open","ping_status":"closed","template":"","meta":{"_monsterinsights_skip_tracking":false,"_monsterinsights_sitenote_active":false,"_monsterinsights_sitenote_note":"","_monsterinsights_sitenote_category":0},"product_brand":[],"product_cat":[28,29,26],"product_tag":[],"class_list":{"0":"post-480","1":"product","2":"type-product","3":"status-publish","4":"has-post-thumbnail","6":"product_cat-alimentacion","7":"product_cat-cuidado-consciente","8":"product_cat-salud","10":"first","11":"instock","12":"taxable","13":"shipping-taxable","14":"purchasable","15":"product-type-simple"},"_links":{"self":[{"href":"https:\/\/origenproducts.shop\/index.php\/wp-json\/wp\/v2\/product\/480","targetHints":{"allow":["GET"]}}],"collection":[{"href":"https:\/\/origenproducts.shop\/index.php\/wp-json\/wp\/v2\/product"}],"about":[{"href":"https:\/\/origenproducts.shop\/index.php\/wp-json\/wp\/v2\/types\/product"}],"replies":[{"embeddable":true,"href":"https:\/\/origenproducts.shop\/index.php\/wp-json\/wp\/v2\/comments?post=480"}],"wp:featuredmedia":[{"embeddable":true,"href":"https:\/\/origenproducts.shop\/index.php\/wp-json\/wp\/v2\/media\/481"}],"wp:attachment":[{"href":"https:\/\/origenproducts.shop\/index.php\/wp-json\/wp\/v2\/media?parent=480"}],"wp:term":[{"taxonomy":"product_brand","embeddable":true,"href":"https:\/\/origenproducts.shop\/index.php\/wp-json\/wp\/v2\/product_brand?post=480"},{"taxonomy":"product_cat","embeddable":true,"href":"https:\/\/origenproducts.shop\/index.php\/wp-json\/wp\/v2\/product_cat?post=480"},{"taxonomy":"product_tag","embeddable":true,"href":"https:\/\/origenproducts.shop\/index.php\/wp-json\/wp\/v2\/product_tag?post=480"}],"curies":[{"name":"wp","href":"https:\/\/api.w.org\/{rel}","templated":true}]}}